{"id":4041,"date":"2022-11-30T23:24:08","date_gmt":"2022-12-01T02:24:08","guid":{"rendered":"https:\/\/34.139.18.184\/?post_type=product&#038;p=4041"},"modified":"2024-12-12T13:51:03","modified_gmt":"2024-12-12T16:51:03","slug":"the-sabrage-card","status":"publish","type":"product","link":"https:\/\/thedlz.com\/?product=the-sabrage-card","title":{"rendered":"The Sabrage Card"},"content":{"rendered":"<div class=\"elementor-element elementor-element-3f3081c4 elementor-widget elementor-widget-heading\" data-id=\"3f3081c4\" data-element_type=\"widget\" data-widget_type=\"heading.default\">\n<div class=\"elementor-widget-container\">\n<div class=\"elementor-element elementor-element-6e891b80 elementor-widget elementor-widget-heading\" data-id=\"6e891b80\" data-element_type=\"widget\" data-widget_type=\"heading.default\">\n<div class=\"elementor-widget-container\">\n<h2 class=\"elementor-heading-title elementor-size-default\">Garanta seu The Sabrage Card<\/h2>\n<\/div>\n<\/div>\n<div class=\"elementor-element elementor-element-310c273 elementor-widget elementor-widget-heading\" data-id=\"310c273\" data-element_type=\"widget\" data-widget_type=\"heading.default\">\n<div class=\"elementor-widget-container\">\n<h2 class=\"elementor-heading-title elementor-size-default\">Exclusivo para sabrar espumantes e comemorar suas vit\u00f3rias.<\/h2>\n<\/div>\n<\/div>\n<div class=\"elementor-element elementor-element-5a500380 elementor-widget elementor-widget-price-table\" data-id=\"5a500380\" data-element_type=\"widget\" data-widget_type=\"price-table.default\">\n<div class=\"elementor-widget-container\">\n<div class=\"elementor-price-table\">\n<ul class=\"elementor-price-table__features-list\">\n<li class=\"elementor-repeater-item-1787a67\">\n<div class=\"elementor-price-table__feature-inner\">\u00a0Cart\u00e3o de Sabrage<\/div>\n<\/li>\n<li class=\"elementor-repeater-item-148a1d2\">\n<div class=\"elementor-price-table__feature-inner\">\u00a0Corrente de seguran\u00e7a<\/div>\n<\/li>\n<li class=\"elementor-repeater-item-26543e4\">\n<div class=\"elementor-price-table__feature-inner\">\u00a0Caixa especial<\/div>\n<\/li>\n<li class=\"elementor-repeater-item-ba72978\">\n<div class=\"elementor-price-table__feature-inner\">\u00a0Garantia de 30 dias<\/div>\n<\/li>\n<\/ul>\n<\/div>\n<\/div>\n<\/div>\n<\/div>\n<\/div>\n<div class=\"elementor-element elementor-element-47030d24 elementor-widget elementor-widget-text-editor\" data-id=\"47030d24\" data-element_type=\"widget\" data-widget_type=\"text-editor.default\"><\/div>\n","protected":false},"excerpt":{"rendered":"<div class=\"elementor-element elementor-element-02419e5 elementor-widget elementor-widget-heading\" data-id=\"02419e5\" data-element_type=\"widget\" data-widget_type=\"heading.default\">\n<div class=\"elementor-widget-container\">\n<div class=\"elementor-element elementor-element-3f3081c4 elementor-widget elementor-widget-heading\" data-id=\"3f3081c4\" data-element_type=\"widget\" data-widget_type=\"heading.default\">\n<div class=\"elementor-widget-container\">\n<h3 class=\"elementor-heading-title elementor-size-default\">Torne suas comemora\u00e7\u00f5es com espumantes inesquec\u00edveis com The Sabrage Card.<\/h3>\n<\/div>\n<\/div>\n<div class=\"elementor-element elementor-element-47030d24 elementor-widget elementor-widget-text-editor\" data-id=\"47030d24\" data-element_type=\"widget\" data-widget_type=\"text-editor.default\">\n<div class=\"elementor-widget-container\">\n<p>Celebre momentos especiais e surpreenda todos ao seu redor estourando o espumante de uma forma inusitada com este abridor simples e eficaz de l\u00e2mina curta.<\/p>\n<\/div>\n<\/div>\n<h3 class=\"elementor-heading-title elementor-size-default\">A t\u00e9cnica de Napole\u00e3o Bonaparte em forma de cart\u00e3o.<\/h3>\n<\/div>\n<\/div>\n<div class=\"elementor-element elementor-element-3f13c38 elementor-widget elementor-widget-text-editor\" data-id=\"3f13c38\" data-element_type=\"widget\" data-widget_type=\"text-editor.default\">\n<div class=\"elementor-widget-container\">\n<p>The Sabrage Card \u00e9 produzido em a\u00e7o inox especial de alta resist\u00eancia para facilitar a Sabrage, t\u00e9cnica de Napole\u00e3o Bonaparte para comemorar suas vit\u00f3rias.<\/p>\n<p>Diferente do sabre utilizado na pr\u00e1tica tradicional, ele tem o tamanho de um cart\u00e3o de cr\u00e9dito e pode ser levado com voc\u00ea dentro da carteira.<\/p>\n<\/div>\n<\/div>\n","protected":false},"featured_media":4125,"template":"","meta":[],"product_brand":[],"product_cat":[31],"product_tag":[],"class_list":{"0":"post-4041","1":"product","2":"type-product","3":"status-publish","4":"has-post-thumbnail","6":"product_cat-sabrage","7":"hentry","9":"first","10":"instock","11":"shipping-taxable","12":"purchasable","13":"product-type-simple"},"yoast_head":"<!-- This site is optimized with the Yoast SEO plugin v27.4 - https:\/\/yoast.com\/product\/yoast-seo-wordpress\/ -->\n<title>The Sabrage Card - The DLZ<\/title>\n<meta name=\"description\" content=\"The DLZ O saca-rolhas indispens\u00e1vel para amantes do vinho. \u00c9 um saca-rolhas de a\u00e7o inox, combinando as vantagens da l\u00e2mina com a tradicional espiral. Entrega r\u00e1pida, aproveite o frete gr\u00e1tis!\" \/>\n<meta name=\"robots\" content=\"index, follow, max-snippet:-1, max-image-preview:large, max-video-preview:-1\" \/>\n<link rel=\"canonical\" href=\"https:\/\/thedlz.com\/?product=the-sabrage-card\" \/>\n<meta property=\"og:locale\" content=\"pt_BR\" \/>\n<meta property=\"og:type\" content=\"article\" \/>\n<meta property=\"og:title\" content=\"The Sabrage Card - The DLZ\" \/>\n<meta property=\"og:description\" content=\"The DLZ O saca-rolhas indispens\u00e1vel para amantes do vinho. \u00c9 um saca-rolhas de a\u00e7o inox, combinando as vantagens da l\u00e2mina com a tradicional espiral. Entrega r\u00e1pida, aproveite o frete gr\u00e1tis!\" \/>\n<meta property=\"og:url\" content=\"https:\/\/thedlz.com\/?product=the-sabrage-card\" \/>\n<meta property=\"og:site_name\" content=\"The DLZ\" \/>\n<meta property=\"article:modified_time\" content=\"2024-12-12T16:51:03+00:00\" \/>\n<meta property=\"og:image\" content=\"https:\/\/thedlz.com\/wp-content\/uploads\/2022\/12\/THESABRAGECARD.png\" \/>\n\t<meta property=\"og:image:width\" content=\"1211\" \/>\n\t<meta property=\"og:image:height\" content=\"673\" \/>\n\t<meta property=\"og:image:type\" content=\"image\/png\" \/>\n<meta name=\"twitter:card\" content=\"summary_large_image\" \/>\n<meta name=\"twitter:label1\" content=\"Est. tempo de leitura\" \/>\n\t<meta name=\"twitter:data1\" content=\"1 minuto\" \/>\n<script type=\"application\/ld+json\" class=\"yoast-schema-graph\">{\"@context\":\"https:\\\/\\\/schema.org\",\"@graph\":[{\"@type\":\"WebPage\",\"@id\":\"https:\\\/\\\/thedlz.com\\\/?product=the-sabrage-card\",\"url\":\"https:\\\/\\\/thedlz.com\\\/?product=the-sabrage-card\",\"name\":\"The Sabrage Card - The DLZ\",\"isPartOf\":{\"@id\":\"https:\\\/\\\/thedlz.com\\\/#website\"},\"primaryImageOfPage\":{\"@id\":\"https:\\\/\\\/thedlz.com\\\/?product=the-sabrage-card#primaryimage\"},\"image\":{\"@id\":\"https:\\\/\\\/thedlz.com\\\/?product=the-sabrage-card#primaryimage\"},\"thumbnailUrl\":\"https:\\\/\\\/thedlz.com\\\/wp-content\\\/uploads\\\/2022\\\/12\\\/THESABRAGECARD.png\",\"datePublished\":\"2022-12-01T02:24:08+00:00\",\"dateModified\":\"2024-12-12T16:51:03+00:00\",\"description\":\"The DLZ O saca-rolhas indispens\u00e1vel para amantes do vinho. \u00c9 um saca-rolhas de a\u00e7o inox, combinando as vantagens da l\u00e2mina com a tradicional espiral. Entrega r\u00e1pida, aproveite o frete gr\u00e1tis!\",\"breadcrumb\":{\"@id\":\"https:\\\/\\\/thedlz.com\\\/?product=the-sabrage-card#breadcrumb\"},\"inLanguage\":\"pt-BR\",\"potentialAction\":[{\"@type\":\"ReadAction\",\"target\":[\"https:\\\/\\\/thedlz.com\\\/?product=the-sabrage-card\"]}]},{\"@type\":\"ImageObject\",\"inLanguage\":\"pt-BR\",\"@id\":\"https:\\\/\\\/thedlz.com\\\/?product=the-sabrage-card#primaryimage\",\"url\":\"https:\\\/\\\/thedlz.com\\\/wp-content\\\/uploads\\\/2022\\\/12\\\/THESABRAGECARD.png\",\"contentUrl\":\"https:\\\/\\\/thedlz.com\\\/wp-content\\\/uploads\\\/2022\\\/12\\\/THESABRAGECARD.png\",\"width\":1211,\"height\":673},{\"@type\":\"BreadcrumbList\",\"@id\":\"https:\\\/\\\/thedlz.com\\\/?product=the-sabrage-card#breadcrumb\",\"itemListElement\":[{\"@type\":\"ListItem\",\"position\":1,\"name\":\"In\u00edcio\",\"item\":\"https:\\\/\\\/thedlz.com\\\/\"},{\"@type\":\"ListItem\",\"position\":2,\"name\":\"Shop\",\"item\":\"https:\\\/\\\/thedlz.com\\\/?page_id=6\"},{\"@type\":\"ListItem\",\"position\":3,\"name\":\"The Sabrage Card\"}]},{\"@type\":\"WebSite\",\"@id\":\"https:\\\/\\\/thedlz.com\\\/#website\",\"url\":\"https:\\\/\\\/thedlz.com\\\/\",\"name\":\"The DLZ\",\"description\":\"Perfeito para remo\u00e7\u00e3o de rolhas fr\u00e1geis e desgastadas pelo tempo\",\"publisher\":{\"@id\":\"https:\\\/\\\/thedlz.com\\\/#organization\"},\"potentialAction\":[{\"@type\":\"SearchAction\",\"target\":{\"@type\":\"EntryPoint\",\"urlTemplate\":\"https:\\\/\\\/thedlz.com\\\/?s={search_term_string}\"},\"query-input\":{\"@type\":\"PropertyValueSpecification\",\"valueRequired\":true,\"valueName\":\"search_term_string\"}}],\"inLanguage\":\"pt-BR\"},{\"@type\":\"Organization\",\"@id\":\"https:\\\/\\\/thedlz.com\\\/#organization\",\"name\":\"The DLZ\",\"url\":\"https:\\\/\\\/thedlz.com\\\/\",\"logo\":{\"@type\":\"ImageObject\",\"inLanguage\":\"pt-BR\",\"@id\":\"https:\\\/\\\/thedlz.com\\\/#\\\/schema\\\/logo\\\/image\\\/\",\"url\":\"https:\\\/\\\/thedlz.com\\\/wp-content\\\/uploads\\\/2025\\\/02\\\/thedlz-brand-qyegus584waj6gg36c1tgnkd8p4ztvfba0sxtg755c-1.png\",\"contentUrl\":\"https:\\\/\\\/thedlz.com\\\/wp-content\\\/uploads\\\/2025\\\/02\\\/thedlz-brand-qyegus584waj6gg36c1tgnkd8p4ztvfba0sxtg755c-1.png\",\"width\":102,\"height\":81,\"caption\":\"The DLZ\"},\"image\":{\"@id\":\"https:\\\/\\\/thedlz.com\\\/#\\\/schema\\\/logo\\\/image\\\/\"},\"sameAs\":[\"https:\\\/\\\/www.instagram.com\\\/the.dlz\",\"https:\\\/\\\/www.instagram.com\\\/danieldalzochio\"]}]}<\/script>\n<!-- \/ Yoast SEO plugin. -->","yoast_head_json":{"title":"The Sabrage Card - The DLZ","description":"The DLZ O saca-rolhas indispens\u00e1vel para amantes do vinho. \u00c9 um saca-rolhas de a\u00e7o inox, combinando as vantagens da l\u00e2mina com a tradicional espiral. Entrega r\u00e1pida, aproveite o frete gr\u00e1tis!","robots":{"index":"index","follow":"follow","max-snippet":"max-snippet:-1","max-image-preview":"max-image-preview:large","max-video-preview":"max-video-preview:-1"},"canonical":"https:\/\/thedlz.com\/?product=the-sabrage-card","og_locale":"pt_BR","og_type":"article","og_title":"The Sabrage Card - The DLZ","og_description":"The DLZ O saca-rolhas indispens\u00e1vel para amantes do vinho. \u00c9 um saca-rolhas de a\u00e7o inox, combinando as vantagens da l\u00e2mina com a tradicional espiral. Entrega r\u00e1pida, aproveite o frete gr\u00e1tis!","og_url":"https:\/\/thedlz.com\/?product=the-sabrage-card","og_site_name":"The DLZ","article_modified_time":"2024-12-12T16:51:03+00:00","og_image":[{"width":1211,"height":673,"url":"https:\/\/thedlz.com\/wp-content\/uploads\/2022\/12\/THESABRAGECARD.png","type":"image\/png"}],"twitter_card":"summary_large_image","twitter_misc":{"Est. tempo de leitura":"1 minuto"},"schema":{"@context":"https:\/\/schema.org","@graph":[{"@type":"WebPage","@id":"https:\/\/thedlz.com\/?product=the-sabrage-card","url":"https:\/\/thedlz.com\/?product=the-sabrage-card","name":"The Sabrage Card - The DLZ","isPartOf":{"@id":"https:\/\/thedlz.com\/#website"},"primaryImageOfPage":{"@id":"https:\/\/thedlz.com\/?product=the-sabrage-card#primaryimage"},"image":{"@id":"https:\/\/thedlz.com\/?product=the-sabrage-card#primaryimage"},"thumbnailUrl":"https:\/\/thedlz.com\/wp-content\/uploads\/2022\/12\/THESABRAGECARD.png","datePublished":"2022-12-01T02:24:08+00:00","dateModified":"2024-12-12T16:51:03+00:00","description":"The DLZ O saca-rolhas indispens\u00e1vel para amantes do vinho. \u00c9 um saca-rolhas de a\u00e7o inox, combinando as vantagens da l\u00e2mina com a tradicional espiral. Entrega r\u00e1pida, aproveite o frete gr\u00e1tis!","breadcrumb":{"@id":"https:\/\/thedlz.com\/?product=the-sabrage-card#breadcrumb"},"inLanguage":"pt-BR","potentialAction":[{"@type":"ReadAction","target":["https:\/\/thedlz.com\/?product=the-sabrage-card"]}]},{"@type":"ImageObject","inLanguage":"pt-BR","@id":"https:\/\/thedlz.com\/?product=the-sabrage-card#primaryimage","url":"https:\/\/thedlz.com\/wp-content\/uploads\/2022\/12\/THESABRAGECARD.png","contentUrl":"https:\/\/thedlz.com\/wp-content\/uploads\/2022\/12\/THESABRAGECARD.png","width":1211,"height":673},{"@type":"BreadcrumbList","@id":"https:\/\/thedlz.com\/?product=the-sabrage-card#breadcrumb","itemListElement":[{"@type":"ListItem","position":1,"name":"In\u00edcio","item":"https:\/\/thedlz.com\/"},{"@type":"ListItem","position":2,"name":"Shop","item":"https:\/\/thedlz.com\/?page_id=6"},{"@type":"ListItem","position":3,"name":"The Sabrage Card"}]},{"@type":"WebSite","@id":"https:\/\/thedlz.com\/#website","url":"https:\/\/thedlz.com\/","name":"The DLZ","description":"Perfeito para remo\u00e7\u00e3o de rolhas fr\u00e1geis e desgastadas pelo tempo","publisher":{"@id":"https:\/\/thedlz.com\/#organization"},"potentialAction":[{"@type":"SearchAction","target":{"@type":"EntryPoint","urlTemplate":"https:\/\/thedlz.com\/?s={search_term_string}"},"query-input":{"@type":"PropertyValueSpecification","valueRequired":true,"valueName":"search_term_string"}}],"inLanguage":"pt-BR"},{"@type":"Organization","@id":"https:\/\/thedlz.com\/#organization","name":"The DLZ","url":"https:\/\/thedlz.com\/","logo":{"@type":"ImageObject","inLanguage":"pt-BR","@id":"https:\/\/thedlz.com\/#\/schema\/logo\/image\/","url":"https:\/\/thedlz.com\/wp-content\/uploads\/2025\/02\/thedlz-brand-qyegus584waj6gg36c1tgnkd8p4ztvfba0sxtg755c-1.png","contentUrl":"https:\/\/thedlz.com\/wp-content\/uploads\/2025\/02\/thedlz-brand-qyegus584waj6gg36c1tgnkd8p4ztvfba0sxtg755c-1.png","width":102,"height":81,"caption":"The DLZ"},"image":{"@id":"https:\/\/thedlz.com\/#\/schema\/logo\/image\/"},"sameAs":["https:\/\/www.instagram.com\/the.dlz","https:\/\/www.instagram.com\/danieldalzochio"]}]}},"_links":{"self":[{"href":"https:\/\/thedlz.com\/index.php?rest_route=\/wp\/v2\/product\/4041","targetHints":{"allow":["GET"]}}],"collection":[{"href":"https:\/\/thedlz.com\/index.php?rest_route=\/wp\/v2\/product"}],"about":[{"href":"https:\/\/thedlz.com\/index.php?rest_route=\/wp\/v2\/types\/product"}],"version-history":[{"count":4,"href":"https:\/\/thedlz.com\/index.php?rest_route=\/wp\/v2\/product\/4041\/revisions"}],"predecessor-version":[{"id":5115,"href":"https:\/\/thedlz.com\/index.php?rest_route=\/wp\/v2\/product\/4041\/revisions\/5115"}],"wp:featuredmedia":[{"embeddable":true,"href":"https:\/\/thedlz.com\/index.php?rest_route=\/wp\/v2\/media\/4125"}],"wp:attachment":[{"href":"https:\/\/thedlz.com\/index.php?rest_route=%2Fwp%2Fv2%2Fmedia&parent=4041"}],"wp:term":[{"taxonomy":"product_brand","embeddable":true,"href":"https:\/\/thedlz.com\/index.php?rest_route=%2Fwp%2Fv2%2Fproduct_brand&post=4041"},{"taxonomy":"product_cat","embeddable":true,"href":"https:\/\/thedlz.com\/index.php?rest_route=%2Fwp%2Fv2%2Fproduct_cat&post=4041"},{"taxonomy":"product_tag","embeddable":true,"href":"https:\/\/thedlz.com\/index.php?rest_route=%2Fwp%2Fv2%2Fproduct_tag&post=4041"}],"curies":[{"name":"wp","href":"https:\/\/api.w.org\/{rel}","templated":true}]}}